 -d**2 - 3*d + 4. Let k be i(m). Suppose u - k*u = -6. What are the prime factors of u?
2
Let q = 6 + -3. Let s be 2/2 + (-3 - -5). Suppose 2*o - 36 = -s*u + q, -3*u - 4*o = -39. List the prime factors of u.
13
Let o be (680/(-6))/(4/12). List the prime factors of o/(-6) + (-2)/(-6).
3, 19
Let a(n) = -4*n - 180. Let h be a(-46). Let u = 12 - -8. Suppose 3*b + 45 = 4*v - 35, -v + h*b + u = 0. What are the prime factors of v?
2, 5
What are the prime factors of 11/(66/18)*1003/3?
17, 59
Let t = -30 - -25. Let s = 23 - t. What are the prime factors of s?
2, 7
Let i(u) be the second derivative of -u**5/20 - u**4/12 + 55*u**2 - u. Let m be i(0). Suppose -1 = 4*a - 9, 2*o = -4*a + m. List the prime factors of o.
3, 17
Suppose 0 = 3*w - 0*w. Suppose w = 3*m - 7*m + 256. Suppose 0 = 3*r - m + 4. What are the prime factors of r?
2, 5
Suppose 331 = k - 99. What are the prime factors of k?
2, 5, 43
Suppose 7*t - 2*t - 5 = 0. Suppose -t - 74 = -3*g. What are the prime factors of g?
5
Let j(z) = z**2 + 7*z - 28. Let q be j(-10). Suppose q*o = 123 - 23. What are the prime factors of o?
2, 5
Let r be ((-3)/2)/(2/(-84)). Suppose 4*y - 17 = r. Suppose 0 = -2*i + y. List the prime factors of i.
2, 5
Suppose -10*p + 28*p = 67320. List the prime factors of p.
2, 5, 11, 17
Suppose -2132 = 7*l - 6843. List the prime factors of l.
673
Let i be (12/(-24))/(2/316)*12. What are the prime factors of (i/(-30)*(3 + 2))/2?
79
Suppose 3*c + 4*v = 139, 0 = -5*c - 3*v + 115 + 124. Suppose 237 = 2*q + c. List the prime factors of q.
2, 47
Suppose -f + 2*v - 6 = 0, -4*v + 7 + 13 = -4*f. What are the prime factors of (-33)/(-22) - 166/f?
43
What are the prime factors of (1 - 3*-93) + (-28 - -23)?
5, 11
Let n be -7 + 4 + 0 - -5. Suppose 0*v - 4*v = 4*j - 1244, n*j = v - 314. What are the prime factors of v?
2, 3, 13
Let h be (-6)/(-21) - (-2 + 22340/(-14)). Suppose -616 - 342 = -3*y - k, 5*y - h = -k. List the prime factors of y.
2, 5
Let q(i) be the third derivative of 4/3*i**3 + 3/8*i**4 + 1/120*i**6 + 0*i - 8*i**2 + 2/15*i**5 + 0. What are the prime factors of q(-6)?
2, 13
Let i(y) = y**3 - 7*y**2 - 2*y + 5. Let s be i(7). Let g = 21 - s. What are the prime factors of g?
2, 3, 5
Suppose 3*k - 4*u + 9 = 0, 3 - 9 = 3*k - 3*u. What are the prime factors of 38 + (-2 - (k - 3))?
2, 19
Suppose j + 28 = -v, -j - 4*v = -4*j - 84. Let w be (-108)/14*j/6. Suppose -5*d + w = -d. List the prime factors of d.
3
Suppose -83 = 18*g + 97. Suppose 5*t = -4*f - 117, 4*t = t + 4*f - 83. What are the prime factors of (-174)/g + (-15)/t?
2, 3
Let s(z) = -z - 1. Let l be s(-6). What are the prime factors of 12/20 - 1*(-337)/l?
2, 17
Let s = 18 - 15. Suppose s*c + 2*c = 50. Let q(w) = w**2 - 8*w + 3. What are the prime factors of q(c)?
23
Let y(p) = 6*p**2 - 4*p + 4. Let b be y(-5). Suppose -3*u + 6*u + b = 0. Let f = u - -96. What are the prime factors of f?
2, 19
Let y(d) = -7*d**3 - d**2 - 5*d - 42. List the prime factors of y(-5).
7, 17
Suppose 3*b - 320 = -f + 1270, 0 = 2*f. List the prime factors of b.
2, 5, 53
Let q(a) = -18*a - 17 - 8 + 5. What are the prime factors of q(-6)?
2, 11
Let p(f) = 2*f**3 - 14*f**2 - 13*f + 16. Let a be p(8). Let d = -35 + 119. Let w = d - a. List the prime factors of w.
2, 11
Let p(o) = -6*o + 2. Let a be (-3)/(7/(140/12)). List the prime factors of p(a).
2
Let m = -12 - -278. List the prime factors of m.
2, 7, 19
Suppose 6*l - 5*l - 67 = 0. Let n = 9 + -49. Let y = l + n. List the prime factors of y.
3
Let a = 148 - 65. Let r = -56 + a. What are the prime factors of r?
3
Let k(g) = -2*g + 12. Let d be k(6). Suppose d*x + 84 = x. Suppose r + 3*m - x = -23, 2*r - 149 = 3*m. List the prime factors of r.
2, 5, 7
Suppose -q = q - 96. What are the prime factors of q?
2, 3
Let a(g) = 20*g**3 + 2*g**2 - 18*g + 8. What are the prime factors of a(4)?
2, 3, 13
Suppose -16*r - 30 = -18*r. Suppose 5*c = -3*f, -3*f + 0*f + 3 = 4*c. List the prime factors of 20/3 + f/r.
7
Let q be 30/9*3/(-18)*-9. Suppose -4*s = -4*k + 632, 0 = 5*k + q*s - 505 - 305. List the prime factors of k.
2, 5
Suppose -16*q + 19*q = 14019. What are the prime factors of q?
4673
Suppose v + q - 2228 = 702, -q - 8806 = -3*v. List the prime factors of v.
2, 3, 163
Suppose -11*g + 13*g = 4. Suppose 5*v + 10 = -g*n + 3*v, -4*v = 3*n + 19. Let y(h) = -29*h**3 - h - 1. List the prime factors of y(n).
29
Suppose -2*d = -3*d, -5*t + 2540 = -3*d. List the prime factors of t.
2, 127
Suppose 0 = 3*z + 4*m - 0*m - 23, -z + 7 = m. Let a(c) = -c**2 + c + 61. Let d be a(8). List the prime factors of z/(10/8)*d.
2, 5
Suppose 0 = 157*o - 149*o - 3432. What are the prime factors of o?
3, 11, 13
Let a be (4/4)/(3/213). Let j = a - 48. List the prime factors of j.
23
Let h(l) = l**2 - 12*l + 5. Let n be h(12). Suppose -404 = -9*t + n*t. List the prime factors of t.
101
Let p(w) = 90*w**3 + w**2 + 2*w - 6. Let v(g) = 179*g**3 + 2*g**2 + 4*g - 13. Let z(n) = 9*p(n) - 4*v(n). What are the prime factors of z(1)?
5, 19
Suppose 4*j - 5*j - 4 = 0. List the prime factors of (-2)/(-4) - 254/j.
2
Let m = -150 - -25. List the prime factors of -78*(-3 - m/40)*-28.
3, 7, 13
Suppose v - 5 = -3*q - 2, -2*v = -6. Suppose q*p = -p - 7. What are the prime factors of (-196)/p + -1*1?
3
Suppose 2*r - 4*l + 12 = 0, 5*r - 38 + 128 = -5*l. Let b = -7 - r. Let t = b - -2. List the prime factors of t.
3
Suppose 0*b - 20 = 2*b. Let s = -496 + 770. List the prime factors of (-4)/10 - s/b.
3
Suppose 31*v - 34*v - j + 226 = 0, 0 = v - 2*j - 66. What are the prime factors of v?
2, 37
Let d = -94 - -180. Suppose -j - 96 + 100 = 0. Suppose -d - 14 = -j*t. What are the prime factors of t?
5
Let j(s) be the third derivative of s**6/120 - 2*s**5/15 - 5*s**4/6 + 13*s**3/6 - 29*s**2. List the prime factors of j(10).
13
Let z(s) be the third derivative of -s**5/60 + 7*s**4/24 - s**3/6 + 4*s**2. Let r be z(6). Suppose -10*f + r*f + 120 = 0. What are the prime factors of f?
2, 3
Let t(q) be the second derivative of -q**4/6 - 13*q**3/3 + 3*q**2 + 11*q + 3. What are the prime factors of t(-12)?
2, 3, 5
Suppose h = -h + 18. Let y be h/(82/(-44) - -2). Suppose -4*n = -7*n + y. List the prime factors of n.
2, 11
Let i = -724 + 2346. List the prime factors of i.
2, 811
Let n(b) = 3*b**3 + 5*b**2 + 14*b - 44. What are the prime factors of n(5)?
2, 263
Let q = 84 + -28. Let a be (-18)/(-27) + (-1)/(-3). List the prime factors of a*q/(-2 + 4).
2, 7
Let w = -1 - 5. List the prime factors of (6/(-9))/(-1) - 152/w.
2, 13
Suppose 2*c + 2 = 8, 5*c - 1938 = -3*s. List the prime factors of s.
641
Suppose -2*u = 3*j - 0*j - 1271, 3*j + u = 1276. List the prime factors of j.
7, 61
What are the prime factors of 1*28 + 3 + -6 + 7?
2
Let g be -3*(-10)/(-1)*(-3)/18. Suppose -g*u + 497 + 8 = 0. List the prime factors of u.
101
Let m be 4714/12 - ((-5)/(-6))/(-5). List the prime factors of m/6 - 3/6.
5, 13
Let j be (-5)/10*(0 - 82). Suppose 2*o - 73 = -3*b, -4*o - 3*b + j = -3*o. Suppose -6*f + f + 7 = 3*v, 4*v = -f + o. What are the prime factors of v?
3
Let p(r) = -8*r**3 + 2*r + 1. Let n be p(-1). Let x(h) = 13*h + 4. Let z be x(n). Suppose -6*i + i + z = 0. What are the prime factors of i?
19
Let u(p) = -p + 9. Let h(x) = x**2 - 6*x - 5. Let l be h(5). What are the prime factors of u(l)?
19
Let y(d) = d**3 + 5*d**2 - 6*d + 6. Let x be y(-6). Let v = -1 + x. Suppose -21 - 49 = -v*g. List the prime factors of g.
2, 7
Let v(r) = 22*r**2 + r. Let u be v(-1). Suppose -o + a - 2*a + u = 0, 0 = -4*o - 5*a + 87. Suppose 0 = -2*j + 10, 3*j + j - o = b. List the prime factors of b.
2
Let m(r) = 93*r + 21. List the prime factors of m(7).
2, 3, 7
Let v = 985 + -479. What are the prime factors of v?
2, 11, 23
Let z(p) = -9*p + 21. What are the prime factors of z(-52)?
3, 163
Suppose -17*m = -322 - 120. List the prime factors of m.
2, 13
Let c(x) = 159*x**2 - 2*x + 1. Let a be c(1). Suppose -q = z - 63, 2*z - 5*q = -4 + a. Let g = -43 + z. List the prime factors of g.
2, 3
Let m(v) = v**2 + 9. Let u = 9 - 3. List the prime factors of m(u).
3, 5
Suppose 0 = 3*t + 18*t - 42. Suppose 57 = t*y - 275. List the prime factors of y.
2, 83
Let k(u) = 4*u**2 + 17*u - 135. What are the prime factors of k(17)?
2, 5, 131
Let k(t) = 920*t - 12. List the prime factors of k(1).
2, 227
Let m(q) = 7*q**2 + 3*q 